
1 - ((-8 - -7) + -6)
8
Calculate 1 + -4 + -1 - -4.
0
Calculate (7 - (-4 - (-4 - 4))) + -3.
0
Calculate -5 + 5 + -8 + 3 + 4.
-1
What is the value of -3 + 7 + -3 + 1 + -2?
0
What is -3 + -4 + (1 + 1 - -1)?
-4
-1 + -3 + 4 + 6 + -2
4
What is the value of 6 + -8 - 5 - -4?
-3
3 - ((2 - (6 - -3)) + 4)
6
What is (5 - -1 - (3 - -19)) + 7?
-9
What is the value of -6 + (3 - (-4 + 0))?
1
Calculate 3 + 3 + -10 + -1 + -1.
-6
What is 8 - 2 - ((8 - -1) + -4)?
1
(3 - -3) + (-4 + -2 - 2)
-2
What is 4 - (11 + -3 + 1)?
-5
What is 2 + (-10 - (0 - 1)) - -3?
-4
Evaluate 15 + -3 + 52 + -72.
-8
What is 5 + -7 - (3 - 4)?
-1
1 - 1 - (-126 + 124)
2
-5 - ((2 - 5) + -1) - -9
8
What is 1 - (-3 + (-2 - -3) + 8)?
-5
Evaluate 2 + 10 + -19 - -10.
3
Calculate -3 + -5 + 8 + (3 - 1).
2
Calculate -3 - -5 - (-1 + 7).
-4
What is 7 - (0 - 3) - 3?
7
What is -6 + -2 + 8 + -1?
-1
4 + (11 - -1) + -16
0
Calculate (-6 - 1) + (-89 - -91).
-5
What is the value of 0 - -1 - 1 - -4?
4
What is -8 + (17 - 11) - (0 + 6)?
-8
What is the value of 0 + (0 - (-4 - 0))?
4
What is (-1 - 3) + 0 - -7?
3
Calculate (0 - (7 - 3)) + 0 + 3.
-1
Calculate 4 + 3 + -2 + -6.
-1
What is the value of -4 - (-3 - 4) - 3?
0
What is (5 + 4 - 4) + -7 + 1?
-1
-18 - -7 - -9 - (2 - 1)
-3
(5 - (-3 + 2 + 1)) + 0
5
Calculate -19 + (3 - -9) + 16.
9
Calculate 0 + -2 + (-9 + 8 - -2).
-1
Calculate -32 + 27 + (11 - 1).
5
What is the value of (-1 - 0 - 0) + (21 - 18)?
2
What is the value of -9 - (8 + -15 - 4)?
2
0 + 0 + (7 - 6)
1
Calculate -1 + (10 - (7 + -2)) + -11.
-7
Calculate 5 + -1 + -1 + (-6 - -4).
1
Calculate -3 + 0 + -2 + 6 + -3.
-2
-7 + 1 + -1 + 2 + 4
-1
What is 0 + (-3 - (-5 + 0 + 1))?
1
What is 0 + 1 + (-1 - -1 - 4)?
-3
What is -1 + 0 - (3 - 7)?
3
Evaluate 0 + -1 - (-6 - -2 - 2).
5
What is the value of -2 - 0 - -1 - (-42 - -39)?
2
What is the value of -1 + (2 - (-2 + -1)) + -4?
0
Evaluate -45 - -47 - ((0 - 1) + 0).
3
What is (5 - (2 - 3) - 3) + -1?
2
What is -12 + 2 - (-2 + -3)?
-5
Evaluate 1 + 1 + (-5 + -6 - -4).
-5
What is the value of (8 - (-5 + 8)) + -4?
1
Evaluate (0 - 4 - (-3 - 1)) + 0.
0
What is the value of 5 + -7 + 0 + 0 - -4?
2
What is the value of 4 + 0 + (7 + -10 - 4)?
-3
What is -92 + 83 - (-19 + 0)?
10
-3 + 0 - (-1 - 6)
4
Calculate 23 - 10 - 24 - (-8 - -1).
-4
Calculate -3 + (0 - 8 - -9).
-2
-2 + 0 + (-1 - -2) + 3
2
Calculate -2 - 0 - (-18 + 19).
-3
Evaluate (1 - 12 - -4) + (-6 - -3).
-10
What is the value of -2 - -1 - (-8 + 8)?
-1
Evaluate 1 + -1 - 1 - (-150 + 148).
1
What is 0 - -1 - 8 - (40 + -44)?
-3
Evaluate -9 - -5 - (10 - 18 - 0).
4
Evaluate -36 - -35 - (-1 + 1).
-1
Evaluate -7 - (-2 + 4 + 3 - 10).
-2
What is -4 + -1 + -2 + 8?
1
What is 3 + (4 - (4 + 0))?
3
What is the value of (8 - (-1 + 0)) + 337 + -343?
3
(-5 - 0 - -5) + -2 + 1
-1
Evaluate -1 - 2 - (1 + (-1 - -1)).
-4
Calculate -9 + 3 + (0 - (-2 + 1)).
-5
Calculate -3 - (-3 + (8 - 5)).
-3
What is (5 - -6) + -5 + -5 + 0?
1
What is (-4 - -4) + 1 + -8 + 4?
-3
What is -2 + -6 + 6 + -3 + 7?
2
1 - 3 - (3 + -9 + -1)
5
What is (-5 - (6 - 5)) + 10?
4
Calculate (2 - -4) + (-5 - -3).
4
-4 - (-1 + 2) - -8
3
Evaluate -12 + 4 + -3 + 6 + 2.
-3
Evaluate -4 - 0 - (-1 - 7).
4
What is the value of 7 + 0 - (-4 - -13)?
-2
Evaluate -3 - (3 + 3 - 5).
-4
Evaluate (2 - -5) + -1 - (4 + -2).
4
Calculate -7 - (-9 + 5) - -11.
8
What is -10 - (-6 + 10 + -8)?
-6
Calculate -6 - (11 + -5 + -4).
-8
What is the value of -9 - ((-9 - 0) + (1 - 2))?
1
(-3 - 1) + (-2 - -5)
-1
What is the value of 2 + (5 + -4 - 1)?
2
Evaluate -5 + 0 + 2 + (-1 - -2).
-2
(-4 - -2) + 4 + -4
-2
-5 + 4 + -4 - -8
3
Calculate (2 - 2 - -4) + 7 + -4.
7
2 + (-1 + 6 - 1) - 8
-2
What is 2 + (2 - -1) + -12 + 7?
0
-14 + 2 + 26 + -15
-1
-7 + 11 - (2 + -6 - -10)
-2
Calculate 0 + (5 - 6 - (1 - 5)).
3
(7 + -2 - 7) + 1 + 1
0
Evaluate (-6 - 2) + (-8 - -14).
-2
What is (4 - 7) + -2 + 6 - 2?
-1
What is (-1 - -3) + -2 - -3?
3
What is the value of -4 + -2 + 3 + 4 + -1?
0
Evaluate (3 - -3 - -4) + -7 + 3.
6
28 + -23 - (1 + 1 + 2)
1
2 + -9 + 4 + 6 + -6
-3
Evaluate -3 + 4 - (-7 - -13).
-5
Evaluate 2 - (-5 - (2 - 5 - -1)).
5
What is the value of 11 + -2 - (-4 + 4) - 4?
5
Evaluate 0 - (4 + (-4 - 0)) - 4.
-4
-3 - (-8 - (-6 - (1 - 4)))
2
Evaluate (1 - (4 - 6)) + 0 + -1.
2
Evaluate 0 + -3 + (2 - 4).
-5
4 - (-3 + 1 + (-35 - -38))
3
What is the value of -105 + 97 + 0 + 8?
0
Evaluate 5 + -11 + (10 - 12).
-8
(-7 - -4 - -6) + 0 + -7
-4
Evaluate (-3 - (4 - 3)) + 3.
-1
What is (-2 - 4) + 2 - (-11 + 3)?
4
What is the value of -2 + 3 + (0 - -2) + 0?
3
Evaluate (3 - 10) + 6 + -6.
-7
What is 3 + (3 - (-2 + 8))?
0
What is 6 - (4 + (-1 - -1))?
2
Evaluate -1 - -3 - 5 - 4 - -1.
-6
3 + 9 - (4 - 1)
9
What is -6 + (-4 - (-5 - 3))?
-2
Calculate -36 + 30 + (3 - -1).
-2
What is the value of (3 - 1) + -6 - (-48 - -39)?
5
4 + (2 - (8 - 2 - -3))
-3
What is -30 + 55 - (-5 - -20)?
10
What is the value of -3 - (-1 - (1 + 4))?
3
What is the value of 10 - 7 - (1 - -3)?
-1
Evaluate 7 + -7 + 1 + -3 - -3.
1
(-4 + 0 - 0) + (-5 - -8)
-1
Evaluate (8 + -12 - -4) + -8.
-8
What is the value of (-4 - 0 - -5) + 1?
2
What is the value of 4 + -3 + (-1 - (-5 - -1))?
4
What is the value of 13 - -2 - (11 - 1)?
5
What is the value of 7 - -1 - 7 - 1?
0
What is the value of 0 + 3 + (-9 + 24 - 17)?
1
What is 2 + (-5 - (2 + -4))?
-1
What is -7 - (-5 - (8 - 11))?
-5
-7 + 3 + 2 - -1
-1
What is 4 + 2 - (9 - 4 - 4)?
5
What is 1 - -4 - (-26 + 31)?
0
What is (-7 - -2 - (-4 + -3)) + -1?
1
What is 0 + -8 + (30 - 27)?
-5
3 - 1 - (5 + -2 + 4)
-5
Calculate 3 + 5 + 0 + (-2 - 1).
5
What is the value of (-1 - -4) + -1 - (1 + 2)?
-1
Calculate 0 + 1 + -3 - (-84 - -84).
-2
2 + -2 + 3 + (3 - 9)
-3
Evaluate (-12 - -1) + 12 + -4.
-3
Evaluate (1 - (14 + -24)) + -4.
7
What is (7 - (-5 - -5)) + -6?
1
1 + 1 - (-1 + -2) - -2
7
Calculate 5 + 6 + -1 + -8 + -4.
-2
What is the value of 13 - 21 - (2 - 4 - 0)?
-6
Calculate 30 - 31 - (3 + -1).
-3
Calculate -8 + 2 + 0 - -2 - -1.
-3
4 + 1 + (3 + 2 - 4)
6
-3 - (10 - 19 - -13)
-7
Calculate 1 + (1 - (-3 - -4)).
1
Calculate 1 + (-3 - -4) - (-11 + 20).
-7
0 - ((1 - 0) + -2 - -1)
0
Evaluate -4 - (-4 + 1 + -2 + 4).
-3
What is 2 + -5 + -7 + (5 - 3)?
-8
Evaluate 3 + 10 + 3 - -1 - 7.
10
What is the value of -4 + -2 + (-14 - -15)?
-5
Evaluate 4 + 4 + (1 - 1) + -7.
1
Calculate 6 + (5 - -2) + -12.
1
Evaluate -2 - (0 + 1) - (-7 + 7).
-3
Calculate 2 + 0 - 2 - (4 + -1).
-3
What is the value of (-3 - -4 - -2) + -8?
-5
What is the value of 2 + (-10 - -5) + -2?
-5
What is the value of (2 - (-3 + 5)) + (-2 - -6)?
4
What is 4 + -4 + 3 - (1 + -3)?
5
3 + -9 + 2 - 3
-7
7 - (3 - (6 + -4 + -5))
1
Calculate -2 + 3 - (-3 + 5).
-1
What is the value of (-2 + -2 + 3 - -1) + 2?
2
Evaluate 2 + -3 + 1 + -1 + -2.
-3
What is the value of 3 - (0 + -2) - 5?
0
What is the value of (5 - (-1 - (-3 - -1))) + -8?
-4
Calculate (3 - (5 - 3)) + -15 + 11.
-3
-9 - 0 - -1 - -5
-3
What is the value of 0 - 2 - (16 - 17)?
-1
-4 + (2 - (-1 + 2) - 1)
-4
Evaluate (-9 - 0 - -1) + (9 - 6).
-5
Calculate 1 - 4 - (-17 + 13).
1
4 + 2 + -5 + 4
5
What is -4 - (-2 - (1 + 2 + -8))?
-7
Calculate 15 + -18 + (2 - (0 - -2)).
-3
Evaluate -1 + -1 - (10 - 8) - -4.
0
(4 - 5) + (3 - 5)
-3
0 + (8 - 2 - (-1 - -4))
3
-8 - (-28 + 14) - (4 + 1)
1
Evaluate 1 + -6 + (28 - 13) + -10.
0
Calculate -5 - ((0 - 2) + (-1 - -3)).
-5
What is the value of -8 - -14 - (1 + 5)?
0
What is -5 - (1 - (0 - -1 - -1))?
-4
8 + (-2 - -6 - (-7 + 14))
5
6 - ((5 - -5) + 1)
-5
(-1 - -6 - 2) + -4
-1
Calculate 7 - (-1 + -5 - -7).
6
Calculate -3 - -5 - -3 - 4.
1
What is the value of 3 + -7 - ((1 - 2) + 2)?
-5
What is the value of -7 + 3 + 7 + 0?
3
Evaluate -16 + 3 + -7 + 11.
-9
What is the value of 4 + 6 - (-5 + 12)?
3
Evaluate -6 - (0 - (0 + 2)).
-4
-3 + 0 - -5 - 5 - -2
-1
Calculate -7 + 9 - (1 - -2).
-1
What is 4 + 2 - (-6 + 15)?
-3
Evaluate 8 - (-2 + -3 + 3 - -5).
5
Calculate 3 + -1 + 6 + (2 - 3).
7
Calculate (11 - 6) + -5 + 3.
3
-2 + (0 - (-4 + 6))
-4
Evaluate -28 - -34 - (4 - (2 - 3)).
1
-1 + 0 - (-3 - (1 - 6))
-3
What is the value of 21 + -30 + (9 - 0)?
0
What is the value of 1 + (-5 - -1) - 2 - -8?
3
Calculate (3 - 11) + -5 + -10 + 16.
-7
Evaluate 1 - 1 - (2 - 6 - 0).
4
What is the value of (2 - (-6 - (-6 - 0))) + 4?
6
What is (1 - (2 + 1)) + 1 + 3?
2
Evaluate -8 - -5 - (4 + -2).
-5
What is the value of (11 - (-17 - -12)) + -10?
6
(4 - 5) + (2 - (1 + 0))
0
6 + 2 + -